{"id":7926,"date":"2025-08-03T14:23:35","date_gmt":"2025-08-03T12:23:35","guid":{"rendered":"https:\/\/www.ispas-ev.de\/?page_id=7926"},"modified":"2025-08-04T17:37:21","modified_gmt":"2025-08-04T15:37:21","slug":"ost-samos","status":"publish","type":"page","link":"https:\/\/www.ispas-ev.de\/?page_id=7926","title":{"rendered":"Ost-Samos"},"content":{"rendered":"<p><span style=\"font-family: arial, helvetica, sans-serif; font-size: 12pt;\">Partnerstadt seit September 2023<\/span><\/p>\n<p><span style=\"font-family: arial, helvetica, sans-serif; font-size: 12pt;\"><strong><span style=\"font-family: arial, helvetica, sans-serif; font-size: 12pt;\">Die griechische Insel Samos lieg<\/span>t in der \u00f6stlichen \u00c4g\u00e4is und ist der ionischen K\u00fcste Kleinasiens vorgelagert. Im S\u00fcdosten trennt die etwa 6\u00a0Kilometer lange und an der schmalsten Stelle nur 1,7\u00a0Kilometer breite Meerenge von Mykali die Insel vom t\u00fcrkischen Festland.<\/strong><\/span><\/p>\n<p><span style=\"font-family: arial, helvetica, sans-serif; font-size: 12pt;\">Im September 2017 unterzeichneten Dr. Bernd V\u00f6hringer und Michalis Angelopoulos, damaliger B\u00fcrgermeister der Insel Samos, eine Kooperationsvereinbarung zwischen Sindelfingen und Samos. Sie einigten sich auf eine Kooperation in den Bereichen Tourismus, Kultur, Digitalisierung und Modernisierung der Stadtverwaltung sowie \u00fcber einen Wissensaustausch unter Anderem im Bereich der EU-F\u00f6rdermittel.<\/span><br \/>\n<span style=\"font-family: arial, helvetica, sans-serif; font-size: 12pt;\">\u00a0<\/span><br \/>\n<span style=\"font-family: arial, helvetica, sans-serif; font-size: 12pt;\">Im Zuge einer Verwaltungsreform wurde die Insel Samos im Jahr 2019 in die beiden Gemeinden Ost-Samos und West-Samos mit jeweils eigenst\u00e4ndigen Gemeindebezirken aufgeteilt. 90% der Insel f\u00e4llt in den Zust\u00e4ndigkeitsbereich der Gemeinde Ost-Samos und diese ist in formeller Hinsicht auch die \u201eoffizielle Nachfolgekommune\u201c f\u00fcr das im Jahr 2018 abgeschlossene Memorandum of Understanding zwischen Sindelfingen und Samos.<\/span><br \/>\n<span style=\"font-family: arial, helvetica, sans-serif; font-size: 12pt;\">\u00a0<\/span><br \/>\n<span style=\"font-family: arial, helvetica, sans-serif; font-size: 12pt;\">Im September 2023 besiegelte die Stadt Sindelfingen die offizielle St\u00e4dtepartnerschaft mit der Gemeinde Ost-Samos durch die Unterzeichnung des Partnerschaftsvertrages durch Dr. Bernd V\u00f6hringer und Georgios Stantzos, B\u00fcrgermeister der Gemeinde Ost-Samos.<\/span><br \/>\n<span style=\"font-family: arial, helvetica, sans-serif; font-size: 12pt;\">\u00a0<\/span><br \/>\n<span style=\"font-family: arial, helvetica, sans-serif; font-size: 12pt;\">Mit wei\u00dfen Str\u00e4nden, einer abwechslungsreichen Landschaft und geschichtstr\u00e4chtigen Orten wie der Wirkungsst\u00e4tte Pythagoras\u2018 zieht Samos seit Fertigstellung des Flughafens im Jahr 1963 j\u00e4hrlich \u00fcber 100.000 Touristen an. Wichtige Sehensw\u00fcrdigkeiten sind der Tunnel des Eupalinos am Berg Kastri (von manchen als das achte Weltwunder der Antike betrachtet), der Tempel Heraion der G\u00f6ttin Hera, der Potokaki-Strand in der N\u00e4he Pythagorions und die arch\u00e4ologischen Museen in Vathy und Pythagoreio. Auch gibt es auf der Insel eine vielf\u00e4ltige Weinkultur, deren Trauben international bekannt sind, sowie eine Vielzahl an Olivenplantagen. Samos ist eine moderne Insel mit organisierten Str\u00e4nden und St\u00e4dten, guter Flug- und F\u00e4hranbindung an das Festland, die umliegenden Inseln und das t\u00fcrkische Festland.<\/span><\/p>\n<p><span style=\"font-family: arial, helvetica, sans-serif; font-size: 12pt;\"><br \/>\n<a href=\"https:\/\/www.ispas-ev.de\/wp-content\/uploads\/2025\/06\/Potokaki-Strand.jpg\"><img loading=\"lazy\" decoding=\"async\" class=\"size-medium wp-image-7690 alignright\" src=\"https:\/\/www.ispas-ev.de\/wp-content\/uploads\/2025\/06\/Potokaki-Strand-300x225.jpg\" alt=\"\" width=\"300\" height=\"225\" srcset=\"https:\/\/www.ispas-ev.de\/wp-content\/uploads\/2025\/06\/Potokaki-Strand-300x225.jpg 300w, https:\/\/www.ispas-ev.de\/wp-content\/uploads\/2025\/06\/Potokaki-Strand.jpg 700w\" sizes=\"auto, (max-width: 300px) 100vw, 300px\" \/><\/a> <a href=\"https:\/\/www.ispas-ev.de\/wp-content\/uploads\/2025\/06\/Vathy-Teil-von-Samos-Stadt.jpg\"><img loading=\"lazy\" decoding=\"async\" class=\"size-medium wp-image-7691 alignleft\" src=\"https:\/\/www.ispas-ev.de\/wp-content\/uploads\/2025\/06\/Vathy-Teil-von-Samos-Stadt-300x200.jpg\" alt=\"\" width=\"300\" height=\"200\" srcset=\"https:\/\/www.ispas-ev.de\/wp-content\/uploads\/2025\/06\/Vathy-Teil-von-Samos-Stadt-300x200.jpg 300w, https:\/\/www.ispas-ev.de\/wp-content\/uploads\/2025\/06\/Vathy-Teil-von-Samos-Stadt.jpg 675w\" sizes=\"auto, (max-width: 300px) 100vw, 300px\" \/><\/a> .<\/span><\/p>\n<p>&nbsp;<\/p>\n<p>&nbsp;<\/p>\n<p>&nbsp;<\/p>\n<p>&nbsp;<\/p>\n<p>&nbsp;<\/p>\n<p><span style=\"font-family: arial, helvetica, sans-serif; font-size: 12pt;\">Ost-Samos umfasst die Gemeinde Anatoliki Samos, deren Verwaltungssitz die Hafenstadt Samos ist. Zusammenfassend l\u00e4sst sich sagen: Ost-Samos ist die \u00f6stliche Region der griechischen Insel Samos in der \u00c4g\u00e4is. Es ist Teil der Gemeinde Anatoliki Samos. Die Hafenstadt Samos (auch Kato Vathy oder Limin Vatheos genannt) ist das Verwaltungszentrum von Ost-Samos. Die Insel Samos ist bekannt f\u00fcr ihre vielf\u00e4ltige Landschaft, ihre Str\u00e4nde, ihre kulturellen Sehensw\u00fcrdigkeiten und ihre Geschichte, unter anderem als Geburtsort des Mathematikers Pythagoras.<\/span><\/p>\n<p><span style=\"font-family: arial, helvetica, sans-serif; font-size: 12pt;\">Text von Brigitte Stegmaier erstellt aus Innternetinfos\/ sindelfingen.de<\/span><\/p>\n","protected":false},"excerpt":{"rendered":"<p>Partnerstadt seit September 2023 Die griechische Insel Samos liegt in der \u00f6stlichen \u00c4g\u00e4is und ist der ionischen K\u00fcste Kleinasiens vorgelagert. Im S\u00fcdosten trennt die etwa 6\u00a0Kilometer lange und an der schmalsten Stelle nur 1,7\u00a0Kilometer breite Meerenge von Mykali die Insel vom t\u00fcrkischen Festland. Im September 2017 unterzeichneten Dr. Bernd V\u00f6hringer und Michalis Angelopoulos, damaliger B\u00fcrgermeister &hellip; <\/p>\n","protected":false},"author":5,"featured_media":7692,"parent":142,"menu_order":0,"comment_status":"closed","ping_status":"closed","template":"","meta":{"footnotes":""},"class_list":["post-7926","page","type-page","status-publish","has-post-thumbnail","hentry","entry"],"_links":{"self":[{"href":"https:\/\/www.ispas-ev.de\/index.php?rest_route=\/wp\/v2\/pages\/7926","targetHints":{"allow":["GET"]}}],"collection":[{"href":"https:\/\/www.ispas-ev.de\/index.php?rest_route=\/wp\/v2\/pages"}],"about":[{"href":"https:\/\/www.ispas-ev.de\/index.php?rest_route=\/wp\/v2\/types\/page"}],"author":[{"embeddable":true,"href":"https:\/\/www.ispas-ev.de\/index.php?rest_route=\/wp\/v2\/users\/5"}],"replies":[{"embeddable":true,"href":"https:\/\/www.ispas-ev.de\/index.php?rest_route=%2Fwp%2Fv2%2Fcomments&post=7926"}],"version-history":[{"count":5,"href":"https:\/\/www.ispas-ev.de\/index.php?rest_route=\/wp\/v2\/pages\/7926\/revisions"}],"predecessor-version":[{"id":7939,"href":"https:\/\/www.ispas-ev.de\/index.php?rest_route=\/wp\/v2\/pages\/7926\/revisions\/7939"}],"up":[{"embeddable":true,"href":"https:\/\/www.ispas-ev.de\/index.php?rest_route=\/wp\/v2\/pages\/142"}],"wp:featuredmedia":[{"embeddable":true,"href":"https:\/\/www.ispas-ev.de\/index.php?rest_route=\/wp\/v2\/media\/7692"}],"wp:attachment":[{"href":"https:\/\/www.ispas-ev.de\/index.php?rest_route=%2Fwp%2Fv2%2Fmedia&parent=7926"}],"curies":[{"name":"wp","href":"https:\/\/api.w.org\/{rel}","templated":true}]}}