{"id":2459,"date":"2013-05-01T19:17:13","date_gmt":"2013-05-01T18:17:13","guid":{"rendered":"http:\/\/www.ispas-ev.de\/?page_id=2459"},"modified":"2018-03-15T23:13:19","modified_gmt":"2018-03-15T22:13:19","slug":"jugend-in-aktion2013-tanzprojekt","status":"publish","type":"page","link":"https:\/\/www.ispas-ev.de\/?page_id=2459","title":{"rendered":"Jugend in Aktion2013"},"content":{"rendered":"<p><span style=\"font-size: small; font-family: arial,helvetica,sans-serif;\"><strong>\u201eheimat ist&#8230;in europa\u201c<\/strong><\/span><\/p>\n<p><span style=\"font-size: small; font-family: arial,helvetica,sans-serif;\"><strong><img loading=\"lazy\" decoding=\"async\" class=\"ngg-singlepic ngg-right alignright\" src=\"https:\/\/www.ispas-ev.de\/wp-content\/gallery\/jugend-in-aktion2013\/mati-in-der-mauernische.jpg\" alt=\"mati-in-der-mauernische\" width=\"288\" height=\"192\"><\/strong>Nun sind bereits einige Wochen vergangen seit dem EU-Projekt \u201eheimat ist&#8230;in europa\u201c und doch ist es nicht nur in meinem Kopf ganz lebendig. Viele von uns sind noch ganz nah dran. So, als w\u00e4re es erst gestern gewesen.<\/span><\/p>\n<p><span style=\"font-family: arial,helvetica,sans-serif; font-size: small;\">F\u00fcr die Dokumentation von Julia Knobloch und Alicia Wenzel sollte ich jetzt im Nachhinein verschiedene Fragen beantworten. F\u00fcr mich Anlass, das Projekt seit Beginn nochmal vor dem inneren Auge vor\u00fcberziehen zu lassen.<\/span><\/p>\n<p><span style=\"font-size: small; font-family: arial,helvetica,sans-serif;\">&nbsp;<\/span><\/p>\n<p><span style=\"font-size: small; font-family: arial,helvetica,sans-serif;\">Julias Fragen:<br \/>\n<span style=\"text-decoration: underline;\">Wie entstand die Idee zu diesem Projekt?<\/span><br \/>\n<img loading=\"lazy\" decoding=\"async\" class=\"ngg-singlepic ngg-none alignleft\" src=\"https:\/\/www.ispas-ev.de\/wp-content\/gallery\/jugend-in-aktion2013\/adrian.jpg\" alt=\"adrian\" width=\"288\" height=\"192\">Ich wollte f\u00fcr Jugendliche ein Tanz -und Kunstangebot in Form eines Workshops&nbsp; anbieten. Anlass dazu war das Stadtjubil\u00e4um &#8222;750 Jahre Sindelfingen&#8220;<br \/>\nDas erste Konzept stellte ich Stadtmusikdirektor und Schulleiter der SMTT Markus Nau&nbsp; und Kulturamtsleiter Horst Zecha und Brigitte Stegmaier vor.<br \/>\nIm Lauf der Gespr\u00e4che wurde vorgeschlagen, die Idee als&nbsp; EU-Projekt &#8222;Jugend in Aktion&#8220;&nbsp; zu konzipieren.<br \/>\nDies geschah im Kontakt mit Florina Retzbach-Schmied vom Europab\u00fcro Sindelfingen. Nachdem das Projekt als EU-Projekt vorstellbar&nbsp; war, wurde&nbsp; ISPAS mit Dorothea B\u00fchler mit ins Boot geholt.<\/span><\/p>\n<p><span style=\"font-size: small; font-family: arial,helvetica,sans-serif;\">&nbsp;<\/span><\/p>\n<p><span style=\"font-size: small; font-family: arial,helvetica,sans-serif;\"><span style=\"text-decoration: underline;\">warum als EU- Projekt?<br \/>\n<img loading=\"lazy\" decoding=\"async\" class=\"ngg-singlepic ngg-none alignright\" src=\"https:\/\/www.ispas-ev.de\/wp-content\/gallery\/jugend-in-aktion2013\/lachen-ii.jpg\" alt=\"lachen-ii\" width=\"288\" height=\"192\"><\/span>In Sindelfingen leben Menschen aus mehr als 110 verschiedenen Nationen.<br \/>\nZu \u201e750 Jahre Sindelfingen\u201c ein Eu-Projekt anzubieten, das den Kontakt unter jungen Europ\u00e4ern f\u00f6rdert, erschien uns dem Stadtjubil\u00e4um mehr als angemesssen. Zudem ist ein k\u00fcnstlerischer Austausch unter jungen Europ\u00e4ern&nbsp;eine gro\u00dfartige Sache. <\/span><\/p>\n<p><span style=\"font-family: arial,helvetica,sans-serif; font-size: small;\"><br \/>\nDer Wunsch war, dass \u00fcber das gemeinsame Arbeiten Austausch, Beziehungen und Kontakte entstehen. Dass das nicht nur ein Wunsch blieb, sondern in dieser Woche genau so passiert ist, erf\u00fcllt uns alle mit einer gro\u00dfen Freude und Befriedigung.<\/span><\/p>\n<p><span style=\"font-size: small; font-family: arial,helvetica,sans-serif;\">&nbsp;<\/span><\/p>\n<p><span style=\"font-size: small; font-family: arial,helvetica,sans-serif;\"><span style=\"text-decoration: underline;\">Wie hast du die Woche im R\u00fcckblick empfunden, die Arbeit in den Gruppen, die Atmosph\u00e4re, die L\u00e4nderabende&#8230;?<br \/>\n<img loading=\"lazy\" decoding=\"async\" class=\"ngg-singlepic ngg-none alignleft\" src=\"https:\/\/www.ispas-ev.de\/wp-content\/gallery\/jugend-in-aktion2013\/brunnen.jpg\" alt=\"brunnen\" width=\"288\" height=\"192\"><\/span>Kunst in allen Sparten hat es an sich, sehr&nbsp; tief in eine Thematik einzusteigen. <\/span><\/p>\n<p><span style=\"font-family: arial,helvetica,sans-serif; font-size: small;\">Das Projekt lieferte keine oberfl\u00e4chlichen Antworten zum Thema &#8222;heimat ist&#8230;in europa&#8220;,&nbsp; sondern gab den Jugendlichen&nbsp;die M\u00f6glichkeit, in einer tiefgehenden vielschichtigen&nbsp; Auseinandersetzung&nbsp; &nbsp;mit dem Thema zu forschen \u2013 bei sich und bei den anderen \u2013 was denn ein \u201ezuhause-Gef\u00fchl\u201c ausmacht. In vielen Gespr\u00e4chen und im k\u00fcnstlerischen Arbeiten wurde gesucht, diskutiert und nachgedacht, wo \u201eHeimat\u201c f\u00fcr jede\/n Einzelne\/N sein k\u00f6nnte. \u201eHeimat\u201c \u2013 wo ist das? Was ist das?&nbsp; Wie unterschiedlich gestaltet sich das Leben in Europa? Was bietet die Familie, das eigene Land und die jeweilige Politik und Gesellschaft&nbsp; ihren Jugendlichen an Geborgenheit und Chancen?<\/span><\/p>\n<p><span style=\"font-family: arial,helvetica,sans-serif; font-size: small;\">Toleranz und Respekt gegen\u00fcber Anderen und Andersdenkenden war kein Thema. Es war in den gemischt-europ\u00e4ischen Gruppen einfach da!<\/span><\/p>\n<p><span style=\"font-size: small; font-family: arial,helvetica,sans-serif;\">Unter der Anleitung erfahrener K\u00fcnstlerpers\u00f6nlichkeiten sollte nun Erdachtes und Erlebtes, Gew\u00fcnschtes und Vision\u00e4res&nbsp; im kreativen&nbsp; Prozess k\u00fcnstlerisch gestaltet werden.<\/span><\/p>\n<p><span style=\"font-size: small; font-family: arial,helvetica,sans-serif;\"><img loading=\"lazy\" decoding=\"async\" class=\"ngg-singlepic ngg-none alignright\" src=\"https:\/\/www.ispas-ev.de\/wp-content\/gallery\/jugend-in-aktion2013\/illustrationsgruppe-tobi.jpg\" alt=\"illustrationsgruppe-tobi\" width=\"216\" height=\"216\">Die Dozenten \u2013 Nina Kurzeja, Tobias Knobloch, Arsenij Lifschiz, Adrian Turner \u2013 haben sich, ebenso wie ihre Sch\u00fclerInnen mit Herz, Verstand, p\u00e4dagogischem Geschick und ihrem eigenen k\u00fcnstlerischen Verst\u00e4ndnis in das Thema begeben und manchmal durchaus schwierige Situationen in kreative Prozesse verwandelt. In der Kunst hat Ungereimtes, Unausgegorenes, Gedachtes, Erlebtes, Vision\u00e4res ja immer einen festen Platz!<\/span><\/p>\n<p><span style=\"font-family: arial,helvetica,sans-serif; font-size: small;\">Ich habe die Lust und die Motivation der Jugendlichen bewundert, trotz aller H\u00fcrden und Schwierigkeiten, das nicht einfache Thema aufzugreifen und dranzubleiben.<\/span><\/p>\n<p><span style=\"font-size: small; font-family: arial,helvetica,sans-serif;\">Mit einem unglaublichen Engagement haben sie 6-7 Stunden an ihren Choreografien und Comics\/Bilder gearbeitet. Im Lauf der Woche waren Sprachschwierigkeiten kaum ein Hindernis, um zusammen Spass zu haben.<br \/>\nAlle sind n\u00e4her zusammenger\u00fcckt : &#8222;Durch diese Woche ist Europa enger geworden&#8230;&#8220; (Anna-Lena). <\/span><\/p>\n<p><span style=\"font-family: arial,helvetica,sans-serif; font-size: small;\">Die L\u00e4nderabende haben mit ihren interessanten und informativen, immer kreativen Beitr\u00e4gen das Wissen um das jeweilige Land erweitert!<\/span><\/p>\n<p><span style=\"font-size: small; font-family: arial,helvetica,sans-serif;\">&nbsp;<span style=\"text-decoration: underline;\">Ein herzliches DANKE an<br \/>\n<\/span><span style=\"text-decoration: underline;\"><img loading=\"lazy\" decoding=\"async\" class=\"ngg-singlepic ngg-none alignleft\" src=\"https:\/\/www.ispas-ev.de\/wp-content\/gallery\/jugend-in-aktion2013\/charakterstudien.jpg\" alt=\"charakterstudien\" width=\"288\" height=\"192\"><\/span>die Lehrerinnen aus vier europ\u00e4ischen L\u00e4ndern f\u00fcr die Vorbereitung des Projekts, die Vorbereitung der L\u00e4nderabende und die wundervolle, immer unterst\u00fctzende Begleitung in Sindelfingen!!!<\/span><\/p>\n<p>&nbsp;<\/p>\n<p>&nbsp;<\/p>\n<p><span style=\"font-size: small; font-family: arial,helvetica,sans-serif;\">Arlene McLeish \u2013 England<br \/>\nAnnica Smith und Kollegin Veera\u2013 Schweden<br \/>\nAnna Sagrera und Neus Saguer \u2013 Spanien<br \/>\nMarika Saringer &#8211; Ungarn&nbsp;<\/span><\/p>\n<p><span style=\"font-size: small; font-family: arial,helvetica,sans-serif;\">&nbsp;<span style=\"text-decoration: underline;\">Dorothea B\u00fchler und die Gastfamilien:<br \/>\n<\/span>Aber das sch\u00f6nste EU-Projekt funktioniert nicht, wenn es nicht jede Menge Menschen g\u00e4be, die in ihrem <span style=\"text-decoration: underline;\"><img loading=\"lazy\" decoding=\"async\" class=\"ngg-singlepic ngg-none alignright\" src=\"https:\/\/www.ispas-ev.de\/wp-content\/gallery\/jugend-in-aktion2013\/in-der-galerie.jpg\" alt=\"in-der-galerie\" width=\"216\" height=\"216\"><\/span>\u201eZuhause\u201c einen Platz f\u00fcr die G\u00e4ste aus Europa bereitstellen w\u00fcrden!<\/span><\/p>\n<p><span style=\"font-size: small; font-family: arial,helvetica,sans-serif;\">Und das sch\u00f6nste EU-Projekt funktioniert ebenfalls nicht, wenn sich niemand tagelang ans Telefon h\u00e4ngt und telefoniert und sucht und erz\u00e4hlt und bespricht &#8230;Dorothea B\u00fchler, Vorsitzende von ISPAS, hat alle G\u00e4ste untergebracht! Und \u00fcbrigens nicht zum ersten Mal! Das ist gro\u00dfartig&#8230; und noch lange nicht alles: das Projekt beginnt beim Kaufen mancher Fahrkarten bis zur Schlu\u00dfabrechnung&#8230;.<\/span><\/p>\n<p><span style=\"font-family: arial,helvetica,sans-serif; font-size: small;\">Alle Jugendlichen und ihre Lehrerinnen haben sich so wohl, so gut versorgt und umsorgt gef\u00fchlt in den Gastfamilien:<br \/>\nSemiha Akkaya, Clara Dinkelacker, Ingeborg und Manfred Eggert , Familie Marianne Held-B\u00fcrkle, Familie Barbara H\u00f6hn-Speer, H\u00f6rner, Familie Beate und Thomas Lambart, Familie Dagmar und Bengt Larrson, Familie Emilie Malli, Familie Ina und Christian Michel, Familie Ingrid Richter, Familie Ina Schuler, Familie Anette Sch\u00e4tzle, Familie Martin Schwab, Familie Stein, Familie Lothar Kittel, Familie Walter<\/span><\/p>\n<p><span style=\"font-family: arial,helvetica,sans-serif; font-size: small;\"><span style=\"text-decoration: underline;\"><a href=\"https:\/\/www.ispas-ev.de\/wp-content\/uploads\/2013\/05\/rothaariges-m\u00e4dchen.jpg\"><img loading=\"lazy\" decoding=\"async\" class=\"wp-image-2471 alignleft\" src=\"https:\/\/www.ispas-ev.de\/wp-content\/uploads\/2013\/05\/rothaariges-m\u00e4dchen.jpg\" alt=\"rothaariges m\u00e4dchen\" width=\"288\" height=\"192\" srcset=\"https:\/\/www.ispas-ev.de\/wp-content\/uploads\/2013\/05\/rothaariges-m\u00e4dchen.jpg 800w, https:\/\/www.ispas-ev.de\/wp-content\/uploads\/2013\/05\/rothaariges-m\u00e4dchen-300x199.jpg 300w\" sizes=\"auto, (max-width: 288px) 100vw, 288px\" \/><\/a>Wolfgang Knote:<\/span><br \/>\nDie ganze Mannschaft mit G\u00e4sten und Gasteltern, manchmal bis zu 60 Menschen wurden gut versorgt mit B\u00fcffet und warmem Essen von Wolfgang Knote!<\/span><\/p>\n<p><span style=\"font-family: arial,helvetica,sans-serif; font-size: small;\"><span style=\"text-decoration: underline;\">Andrea Legler<\/span>:<br \/>\nOhne Andrea h\u00e4tten wir im wahrsten Sinne des Wortes \u201ealt\u201c ausgesehen. Immer kompetent und mitdenkend, freundlich und gelassen, auch in der gr\u00f6\u00dften Hektik, war sie Anlaufstelle und Ruhepol. <\/span><\/p>\n<p><span style=\"font-family: arial,helvetica,sans-serif; font-size: small;\"><span style=\"text-decoration: underline;\">Thomas Schl\u00fcter:<\/span><br \/>\nSchon Monate im Vorfeld erhielt ich kompetente, vorausdenkende und mitdenkende Unterst\u00fctzung in der Planung des Projektes. Mit seiner gro\u00dfen Erfahrung hat er mir ratend \u2013 im Projekt tatkr\u00e4ftig \u2013 zur Seite gestanden.<\/span><\/p>\n<p><span style=\"font-family: arial,helvetica,sans-serif; font-size: small;\">Text: <em>Monika Heber-Knobloch<\/em><br \/>\nFotos: <em>Julia Knobloch<\/em><\/span><\/p>\n","protected":false},"excerpt":{"rendered":"<p>\u201eheimat ist&#8230;in europa\u201c Nun sind bereits einige Wochen vergangen seit dem EU-Projekt \u201eheimat ist&#8230;in europa\u201c und doch ist es nicht nur in meinem Kopf ganz lebendig. Viele von uns sind noch ganz nah dran. So, als w\u00e4re es erst gestern gewesen. F\u00fcr die Dokumentation von Julia Knobloch und Alicia Wenzel sollte ich jetzt im Nachhinein &hellip; <\/p>\n","protected":false},"author":3,"featured_media":0,"parent":0,"menu_order":0,"comment_status":"closed","ping_status":"closed","template":"","meta":{"footnotes":""},"class_list":["post-2459","page","type-page","status-publish","hentry","entry"],"_links":{"self":[{"href":"https:\/\/www.ispas-ev.de\/index.php?rest_route=\/wp\/v2\/pages\/2459","targetHints":{"allow":["GET"]}}],"collection":[{"href":"https:\/\/www.ispas-ev.de\/index.php?rest_route=\/wp\/v2\/pages"}],"about":[{"href":"https:\/\/www.ispas-ev.de\/index.php?rest_route=\/wp\/v2\/types\/page"}],"author":[{"embeddable":true,"href":"https:\/\/www.ispas-ev.de\/index.php?rest_route=\/wp\/v2\/users\/3"}],"replies":[{"embeddable":true,"href":"https:\/\/www.ispas-ev.de\/index.php?rest_route=%2Fwp%2Fv2%2Fcomments&post=2459"}],"version-history":[{"count":24,"href":"https:\/\/www.ispas-ev.de\/index.php?rest_route=\/wp\/v2\/pages\/2459\/revisions"}],"predecessor-version":[{"id":4181,"href":"https:\/\/www.ispas-ev.de\/index.php?rest_route=\/wp\/v2\/pages\/2459\/revisions\/4181"}],"wp:attachment":[{"href":"https:\/\/www.ispas-ev.de\/index.php?rest_route=%2Fwp%2Fv2%2Fmedia&parent=2459"}],"curies":[{"name":"wp","href":"https:\/\/api.w.org\/{rel}","templated":true}]}}

<p><span style="font-size: small; font-family: arial,helvetica,sans-serif;"><strong>„heimat ist&#8230;in europa“</strong></span></p>
<p><span style="font-size: small; font-family: arial,helvetica,sans-serif;"><strong><img loading="lazy" decoding="async" class="ngg-singlepic ngg-right alignright" src="https://www.ispas-ev.de/wp-content/gallery/jugend-in-aktion2013/mati-in-der-mauernische.jpg" alt="mati-in-der-mauernische" width="288" height="192"></strong>Nun sind bereits einige Wochen vergangen seit dem EU-Projekt „heimat ist&#8230;in europa“ und doch ist es nicht nur in meinem Kopf ganz lebendig. Viele von uns sind noch ganz nah dran. So, als wäre es erst gestern gewesen.</span></p>
<p><span style="font-family: arial,helvetica,sans-serif; font-size: small;">Für die Dokumentation von Julia Knobloch und Alicia Wenzel sollte ich jetzt im Nachhinein verschiedene Fragen beantworten. Für mich Anlass, das Projekt seit Beginn nochmal vor dem inneren Auge vorüberziehen zu lassen.</span></p>
<p><span style="font-size: small; font-family: arial,helvetica,sans-serif;">&nbsp;</span></p>
<p><span style="font-size: small; font-family: arial,helvetica,sans-serif;">Julias Fragen:<br />
<span style="text-decoration: underline;">Wie entstand die Idee zu diesem Projekt?</span><br />
<img loading="lazy" decoding="async" class="ngg-singlepic ngg-none alignleft" src="https://www.ispas-ev.de/wp-content/gallery/jugend-in-aktion2013/adrian.jpg" alt="adrian" width="288" height="192">Ich wollte für Jugendliche ein Tanz -und Kunstangebot in Form eines Workshops&nbsp; anbieten. Anlass dazu war das Stadtjubiläum &#8222;750 Jahre Sindelfingen&#8220;<br />
Das erste Konzept stellte ich Stadtmusikdirektor und Schulleiter der SMTT Markus Nau&nbsp; und Kulturamtsleiter Horst Zecha und Brigitte Stegmaier vor.<br />
Im Lauf der Gespräche wurde vorgeschlagen, die Idee als&nbsp; EU-Projekt &#8222;Jugend in Aktion&#8220;&nbsp; zu konzipieren.<br />
Dies geschah im Kontakt mit Florina Retzbach-Schmied vom Europabüro Sindelfingen. Nachdem das Projekt als EU-Projekt vorstellbar&nbsp; war, wurde&nbsp; ISPAS mit Dorothea Bühler mit ins Boot geholt.</span></p>
<p><span style="font-size: small; font-family: arial,helvetica,sans-serif;">&nbsp;</span></p>
<p><span style="font-size: small; font-family: arial,helvetica,sans-serif;"><span style="text-decoration: underline;">warum als EU- Projekt?<br />
<img loading="lazy" decoding="async" class="ngg-singlepic ngg-none alignright" src="https://www.ispas-ev.de/wp-content/gallery/jugend-in-aktion2013/lachen-ii.jpg" alt="lachen-ii" width="288" height="192"></span>In Sindelfingen leben Menschen aus mehr als 110 verschiedenen Nationen.<br />
Zu „750 Jahre Sindelfingen“ ein Eu-Projekt anzubieten, das den Kontakt unter jungen Europäern fördert, erschien uns dem Stadtjubiläum mehr als angemesssen. Zudem ist ein künstlerischer Austausch unter jungen Europäern&nbsp;eine großartige Sache. </span></p>
<p><span style="font-family: arial,helvetica,sans-serif; font-size: small;"><br />
Der Wunsch war, dass über das gemeinsame Arbeiten Austausch, Beziehungen und Kontakte entstehen. Dass das nicht nur ein Wunsch blieb, sondern in dieser Woche genau so passiert ist, erfüllt uns alle mit einer großen Freude und Befriedigung.</span></p>
<p><span style="font-size: small; font-family: arial,helvetica,sans-serif;">&nbsp;</span></p>
<p><span style="font-size: small; font-family: arial,helvetica,sans-serif;"><span style="text-decoration: underline;">Wie hast du die Woche im Rückblick empfunden, die Arbeit in den Gruppen, die Atmosphäre, die Länderabende&#8230;?<br />
<img loading="lazy" decoding="async" class="ngg-singlepic ngg-none alignleft" src="https://www.ispas-ev.de/wp-content/gallery/jugend-in-aktion2013/brunnen.jpg" alt="brunnen" width="288" height="192"></span>Kunst in allen Sparten hat es an sich, sehr&nbsp; tief in eine Thematik einzusteigen. </span></p>
<p><span style="font-family: arial,helvetica,sans-serif; font-size: small;">Das Projekt lieferte keine oberflächlichen Antworten zum Thema &#8222;heimat ist&#8230;in europa&#8220;,&nbsp; sondern gab den Jugendlichen&nbsp;die Möglichkeit, in einer tiefgehenden vielschichtigen&nbsp; Auseinandersetzung&nbsp; &nbsp;mit dem Thema zu forschen – bei sich und bei den anderen – was denn ein „zuhause-Gefühl“ ausmacht. In vielen Gesprächen und im künstlerischen Arbeiten wurde gesucht, diskutiert und nachgedacht, wo „Heimat“ für jede/n Einzelne/N sein könnte. „Heimat“ – wo ist das? Was ist das?&nbsp; Wie unterschiedlich gestaltet sich das Leben in Europa? Was bietet die Familie, das eigene Land und die jeweilige Politik und Gesellschaft&nbsp; ihren Jugendlichen an Geborgenheit und Chancen?</span></p>
<p><span style="font-family: arial,helvetica,sans-serif; font-size: small;">Toleranz und Respekt gegenüber Anderen und Andersdenkenden war kein Thema. Es war in den gemischt-europäischen Gruppen einfach da!</span></p>
<p><span style="font-size: small; font-family: arial,helvetica,sans-serif;">Unter der Anleitung erfahrener Künstlerpersönlichkeiten sollte nun Erdachtes und Erlebtes, Gewünschtes und Visionäres&nbsp; im kreativen&nbsp; Prozess künstlerisch gestaltet werden.</span></p>
<p><span style="font-size: small; font-family: arial,helvetica,sans-serif;"><img loading="lazy" decoding="async" class="ngg-singlepic ngg-none alignright" src="https://www.ispas-ev.de/wp-content/gallery/jugend-in-aktion2013/illustrationsgruppe-tobi.jpg" alt="illustrationsgruppe-tobi" width="216" height="216">Die Dozenten – Nina Kurzeja, Tobias Knobloch, Arsenij Lifschiz, Adrian Turner – haben sich, ebenso wie ihre SchülerInnen mit Herz, Verstand, pädagogischem Geschick und ihrem eigenen künstlerischen Verständnis in das Thema begeben und manchmal durchaus schwierige Situationen in kreative Prozesse verwandelt. In der Kunst hat Ungereimtes, Unausgegorenes, Gedachtes, Erlebtes, Visionäres ja immer einen festen Platz!</span></p>
<p><span style="font-family: arial,helvetica,sans-serif; font-size: small;">Ich habe die Lust und die Motivation der Jugendlichen bewundert, trotz aller Hürden und Schwierigkeiten, das nicht einfache Thema aufzugreifen und dranzubleiben.</span></p>
<p><span style="font-size: small; font-family: arial,helvetica,sans-serif;">Mit einem unglaublichen Engagement haben sie 6-7 Stunden an ihren Choreografien und Comics/Bilder gearbeitet. Im Lauf der Woche waren Sprachschwierigkeiten kaum ein Hindernis, um zusammen Spass zu haben.<br />
Alle sind näher zusammengerückt : &#8222;Durch diese Woche ist Europa enger geworden&#8230;&#8220; (Anna-Lena). </span></p>
<p><span style="font-family: arial,helvetica,sans-serif; font-size: small;">Die Länderabende haben mit ihren interessanten und informativen, immer kreativen Beiträgen das Wissen um das jeweilige Land erweitert!</span></p>
<p><span style="font-size: small; font-family: arial,helvetica,sans-serif;">&nbsp;<span style="text-decoration: underline;">Ein herzliches DANKE an<br />
</span><span style="text-decoration: underline;"><img loading="lazy" decoding="async" class="ngg-singlepic ngg-none alignleft" src="https://www.ispas-ev.de/wp-content/gallery/jugend-in-aktion2013/charakterstudien.jpg" alt="charakterstudien" width="288" height="192"></span>die Lehrerinnen aus vier europäischen Ländern für die Vorbereitung des Projekts, die Vorbereitung der Länderabende und die wundervolle, immer unterstützende Begleitung in Sindelfingen!!!</span></p>
<p>&nbsp;</p>
<p>&nbsp;</p>
<p><span style="font-size: small; font-family: arial,helvetica,sans-serif;">Arlene McLeish – England<br />
Annica Smith und Kollegin Veera– Schweden<br />
Anna Sagrera und Neus Saguer – Spanien<br />
Marika Saringer &#8211; Ungarn&nbsp;</span></p>
<p><span style="font-size: small; font-family: arial,helvetica,sans-serif;">&nbsp;<span style="text-decoration: underline;">Dorothea Bühler und die Gastfamilien:<br />
</span>Aber das schönste EU-Projekt funktioniert nicht, wenn es nicht jede Menge Menschen gäbe, die in ihrem <span style="text-decoration: underline;"><img loading="lazy" decoding="async" class="ngg-singlepic ngg-none alignright" src="https://www.ispas-ev.de/wp-content/gallery/jugend-in-aktion2013/in-der-galerie.jpg" alt="in-der-galerie" width="216" height="216"></span>„Zuhause“ einen Platz für die Gäste aus Europa bereitstellen würden!</span></p>
<p><span style="font-size: small; font-family: arial,helvetica,sans-serif;">Und das schönste EU-Projekt funktioniert ebenfalls nicht, wenn sich niemand tagelang ans Telefon hängt und telefoniert und sucht und erzählt und bespricht &#8230;Dorothea Bühler, Vorsitzende von ISPAS, hat alle Gäste untergebracht! Und übrigens nicht zum ersten Mal! Das ist großartig&#8230; und noch lange nicht alles: das Projekt beginnt beim Kaufen mancher Fahrkarten bis zur Schlußabrechnung&#8230;.</span></p>
<p><span style="font-family: arial,helvetica,sans-serif; font-size: small;">Alle Jugendlichen und ihre Lehrerinnen haben sich so wohl, so gut versorgt und umsorgt gefühlt in den Gastfamilien:<br />
Semiha Akkaya, Clara Dinkelacker, Ingeborg und Manfred Eggert , Familie Marianne Held-Bürkle, Familie Barbara Höhn-Speer, Hörner, Familie Beate und Thomas Lambart, Familie Dagmar und Bengt Larrson, Familie Emilie Malli, Familie Ina und Christian Michel, Familie Ingrid Richter, Familie Ina Schuler, Familie Anette Schätzle, Familie Martin Schwab, Familie Stein, Familie Lothar Kittel, Familie Walter</span></p>
<p><span style="font-family: arial,helvetica,sans-serif; font-size: small;"><span style="text-decoration: underline;"><a href="https://www.ispas-ev.de/wp-content/uploads/2013/05/rothaariges-mädchen.jpg"><img loading="lazy" decoding="async" class="wp-image-2471 alignleft" src="https://www.ispas-ev.de/wp-content/uploads/2013/05/rothaariges-mädchen.jpg" alt="rothaariges mädchen" width="288" height="192" srcset="https://www.ispas-ev.de/wp-content/uploads/2013/05/rothaariges-mädchen.jpg 800w, https://www.ispas-ev.de/wp-content/uploads/2013/05/rothaariges-mädchen-300x199.jpg 300w" sizes="auto, (max-width: 288px) 100vw, 288px" /></a>Wolfgang Knote:</span><br />
Die ganze Mannschaft mit Gästen und Gasteltern, manchmal bis zu 60 Menschen wurden gut versorgt mit Büffet und warmem Essen von Wolfgang Knote!</span></p>
<p><span style="font-family: arial,helvetica,sans-serif; font-size: small;"><span style="text-decoration: underline;">Andrea Legler</span>:<br />
Ohne Andrea hätten wir im wahrsten Sinne des Wortes „alt“ ausgesehen. Immer kompetent und mitdenkend, freundlich und gelassen, auch in der größten Hektik, war sie Anlaufstelle und Ruhepol. </span></p>
<p><span style="font-family: arial,helvetica,sans-serif; font-size: small;"><span style="text-decoration: underline;">Thomas Schlüter:</span><br />
Schon Monate im Vorfeld erhielt ich kompetente, vorausdenkende und mitdenkende Unterstützung in der Planung des Projektes. Mit seiner großen Erfahrung hat er mir ratend – im Projekt tatkräftig – zur Seite gestanden.</span></p>
<p><span style="font-family: arial,helvetica,sans-serif; font-size: small;">Text: <em>Monika Heber-Knobloch</em><br />
Fotos: <em>Julia Knobloch</em></span></p>

<p>„heimat ist&#8230;in europa“ Nun sind bereits einige Wochen vergangen seit dem EU-Projekt „heimat ist&#8230;in europa“ und doch ist es nicht nur in meinem Kopf ganz lebendig. Viele von uns sind noch ganz nah dran. So, als wäre es erst gestern gewesen. Für die Dokumentation von Julia Knobloch und Alicia Wenzel sollte ich jetzt im Nachhinein &hellip; </p>
