{"id":154,"date":"2011-08-03T22:32:37","date_gmt":"2011-08-03T20:32:37","guid":{"rendered":"http:\/\/www.ispas-ev.de\/?page_id=154"},"modified":"2018-04-16T22:48:24","modified_gmt":"2018-04-16T20:48:24","slug":"dronfield","status":"publish","type":"page","link":"https:\/\/www.ispas-ev.de\/?page_id=154","title":{"rendered":"Dronfield"},"content":{"rendered":"<p style=\"text-align: left;\"><span style=\"font-family: arial,helvetica,sans-serif; font-size: small;\">Partnerstadt seit 1971<a href=\"https:\/\/www.ispas-ev.de\/wp-content\/uploads\/2011\/08\/Dronflield-Wappen-79x150.jpg\"><img loading=\"lazy\" decoding=\"async\" class=\"alignright size-full wp-image-1064\" title=\"Stadtwappen Dronfields\" src=\"https:\/\/www.ispas-ev.de\/wp-content\/uploads\/2011\/08\/Dronflield-Wappen-79x150.jpg\" alt=\"\" width=\"79\" height=\"150\"><\/a><\/span><\/p>\n<p><span style=\"font-family: arial,helvetica,sans-serif; font-size: small;\">Die alte Marktstadt <a href=\"https:\/\/www.dronfield.gov.uk\/\">Dronfield<\/a> liegt im Drone Valley zwischen der Industriestadt Sheffield und der Stadt Chesterfield in Derbyshire. Vom Flughafen in Manchester erreicht man Dronfield auf einer Fahrt durch die malerische Landschaft des Peak Districts. Fr\u00fcher wurden in Dronfield traditionell landwirtschaftliche Arbeitsger\u00e4te wie Sicheln, Sensen und Spaten hergestellt, durch den Bau der \u201eMidland\u201c Eisenbahnlinie 1870 expandierte die die Eisen und Stahlproduktion in der ganzen Region.&nbsp;Heute gibt es in der idyllischen Kleinstadt praktisch keine Industrie mehr und seit 1974 ist die Stadt Dronfield nicht einmal mehr selbst\u00e4ndig.<\/span><\/p>\n<p><span style=\"font-family: arial,helvetica,sans-serif; font-size: small;\"><a href=\"https:\/\/www.ispas-ev.de\/wp-content\/uploads\/2011\/08\/Dronfield-Kirche.jpeg\"><img loading=\"lazy\" decoding=\"async\" class=\" wp-image-1065 alignleft\" title=\"Dronfield Kirche\" src=\"https:\/\/www.ispas-ev.de\/wp-content\/uploads\/2011\/08\/Dronfield-Kirche-300x211.jpg\" alt=\"\" width=\"216\" height=\"152\" srcset=\"https:\/\/www.ispas-ev.de\/wp-content\/uploads\/2011\/08\/Dronfield-Kirche-300x211.jpg 300w, https:\/\/www.ispas-ev.de\/wp-content\/uploads\/2011\/08\/Dronfield-Kirche.jpeg 810w\" sizes=\"auto, (max-width: 216px) 100vw, 216px\" \/><\/a><\/span><span style=\"font-family: arial,helvetica,sans-serif; font-size: small;\">1971 w\u00e4hlte ein Computerprogramm Dronfield und Sindelfingen als Partner aus und so besteht die Partnerschaft nun schon 40 Jahre. Auf englischer Seite wird die Partnerschaft haupts\u00e4chlich vom Twinning Committee, dem b\u00fcrgerlichen Partnerschaftsverein getragen. In den 70er und 80er Jahren existierte ein von der Stadt Sindelfingen und dem Twinning Commmittee organisierter Sch\u00fcleraustausch f\u00fcr Sch\u00fcler aller Sindelfinger Schulen, aber Anfang der 90er Jahre mussten neue Wege gefunden werden, da die Nachfrage auf englischer Seite massiv zur\u00fcckging. <\/span><span style=\"font-family: arial,helvetica,sans-serif; font-size: small;\">Viele der heute noch bestehenden alten Freundschaften stammen aus dieser Zeit und aus diesen regelm\u00e4\u00dfigen Treffen. <\/span><\/p>\n<p><span style=\"font-family: arial,helvetica,sans-serif; font-size: small;\"><a href=\"https:\/\/www.ispas-ev.de\/wp-content\/uploads\/2012\/02\/Butcher-07.jpeg\"><img loading=\"lazy\" decoding=\"async\" class=\"alignright wp-image-1027\" title=\"Drofield Butcher\" src=\"https:\/\/www.ispas-ev.de\/wp-content\/uploads\/2012\/02\/Butcher-07-300x215.jpg\" alt=\"\" width=\"210\" height=\"151\" srcset=\"https:\/\/www.ispas-ev.de\/wp-content\/uploads\/2012\/02\/Butcher-07-300x215.jpg 300w, https:\/\/www.ispas-ev.de\/wp-content\/uploads\/2012\/02\/Butcher-07.jpeg 608w\" sizes=\"auto, (max-width: 210px) 100vw, 210px\" \/><\/a><\/span><span style=\"font-family: arial,helvetica,sans-serif; font-size: small;\">Seit 1999 gibt es nun wieder einen Austausch zwischen der Fenshawe-Schule in Dronfield und dem Goldberggymnasium. Aber auch das Jugerndblasorchester, die Badmintonabteilung des VfL Sindelfingen und die Dronfield Players sind regelm\u00e4\u00dfig G\u00e4ste in den Partnerst\u00e4dten und erfreuen uns mit Auff\u00fchrungen. So z.B. zum Jubil\u00e4umsjahr 2011 mit einer schwungvollen Kom\u00f6die. Die 3 Vorstellungen waren komplett ausverkauft. Auch fanden in den vergangenen 5 Jahren 2 mal B\u00fcrgerfahreten statt, von Dronfielder Seite organisiert vom Twinning Committee und von Sindelfinger Seite organisiert von ISPAS, die jetzt eine Tradition begr\u00fcnden sollen.. <\/span><\/p>\n<p><span style=\"font-family: arial,helvetica,sans-serif; font-size: small;\"><a href=\"https:\/\/www.ispas-ev.de\/wp-content\/uploads\/2012\/02\/Dornfield-Vorstand.jpeg\"><img loading=\"lazy\" decoding=\"async\" class=\" wp-image-1028 alignleft\" title=\"Dornfield Vorstand 2011\" src=\"https:\/\/www.ispas-ev.de\/wp-content\/uploads\/2012\/02\/Dornfield-Vorstand-300x200.jpg\" alt=\"\" width=\"210\" height=\"140\" srcset=\"https:\/\/www.ispas-ev.de\/wp-content\/uploads\/2012\/02\/Dornfield-Vorstand-300x200.jpg 300w, https:\/\/www.ispas-ev.de\/wp-content\/uploads\/2012\/02\/Dornfield-Vorstand.jpeg 578w\" sizes=\"auto, (max-width: 210px) 100vw, 210px\" \/><\/a><\/span><span style=\"font-family: arial,helvetica,sans-serif; font-size: small;\">Nicht zu vergessen aber auch der j\u00e4hrliche Besuch unserer Freunde vom Twinning Committee zum Stra\u00dfenfest, wo bei einer Tasse Tee und selbstgebackenen Biscuits Gr\u00fc\u00dfe an die Dronfielder Freunde schriftlich oder m\u00fcndlich weitergegeben werden k\u00f6nnen und der Tee- und Marmeladevorrat wieder aufgef\u00fcllt werden kann. <\/span><span style=\"font-family: arial,helvetica,sans-serif; font-size: small;\">In den vergangenen 15 &#8211; 20 Jahren wurde das Twinning Committee haupts\u00e4chlich vom Chairman Bernie Charlesworth und seinem Secretary Brian Widdowson gepr\u00e4gt, die aber aus Alter- und Gesundheitsgr\u00fcnden diese \u00c4mter niederlegten. Es ist dem Twinning Committee gelungen, neben Susanne Haywood, ehemalige Lehrerin des Pfarrwiesengymnasiums, mit Julia Johnson (ebenfalls eine geb\u00fcrtige Deutsche) und Claudia Collins (Tochter von Susanne Haywood) auch j\u00fcngere Mitglieder f\u00fcr den Vorstand zu gewinnen. Wir freuen uns auf eine weiterhin gute und harmonische Zusammenarbeit.<\/span><\/p>\n<p><em>Kerstin Trefz<\/em><\/p>\n","protected":false},"excerpt":{"rendered":"<p>Partnerstadt seit 1971 Die alte Marktstadt Dronfield liegt im Drone Valley zwischen der Industriestadt Sheffield und der Stadt Chesterfield in Derbyshire. Vom Flughafen in Manchester erreicht man Dronfield auf einer Fahrt durch die malerische Landschaft des Peak Districts. Fr\u00fcher wurden in Dronfield traditionell landwirtschaftliche Arbeitsger\u00e4te wie Sicheln, Sensen und Spaten hergestellt, durch den Bau der &hellip; <\/p>\n","protected":false},"author":2,"featured_media":0,"parent":142,"menu_order":30,"comment_status":"closed","ping_status":"closed","template":"","meta":{"footnotes":""},"class_list":["post-154","page","type-page","status-publish","hentry","entry"],"_links":{"self":[{"href":"https:\/\/www.ispas-ev.de\/index.php?rest_route=\/wp\/v2\/pages\/154","targetHints":{"allow":["GET"]}}],"collection":[{"href":"https:\/\/www.ispas-ev.de\/index.php?rest_route=\/wp\/v2\/pages"}],"about":[{"href":"https:\/\/www.ispas-ev.de\/index.php?rest_route=\/wp\/v2\/types\/page"}],"author":[{"embeddable":true,"href":"https:\/\/www.ispas-ev.de\/index.php?rest_route=\/wp\/v2\/users\/2"}],"replies":[{"embeddable":true,"href":"https:\/\/www.ispas-ev.de\/index.php?rest_route=%2Fwp%2Fv2%2Fcomments&post=154"}],"version-history":[{"count":24,"href":"https:\/\/www.ispas-ev.de\/index.php?rest_route=\/wp\/v2\/pages\/154\/revisions"}],"predecessor-version":[{"id":4270,"href":"https:\/\/www.ispas-ev.de\/index.php?rest_route=\/wp\/v2\/pages\/154\/revisions\/4270"}],"up":[{"embeddable":true,"href":"https:\/\/www.ispas-ev.de\/index.php?rest_route=\/wp\/v2\/pages\/142"}],"wp:attachment":[{"href":"https:\/\/www.ispas-ev.de\/index.php?rest_route=%2Fwp%2Fv2%2Fmedia&parent=154"}],"curies":[{"name":"wp","href":"https:\/\/api.w.org\/{rel}","templated":true}]}}